e number?
False
Is 11164711 a prime number?
True
Is 52041667 prime?
False
Is 1772249 a prime number?
True
Is 19342009 a prime number?
False
Is 3381809 a prime number?
False
Is 139521677 a composite number?
False
Is 12172861 prime?
False
Is 1567999 a prime number?
True
Is 13162827 composite?
True
Is 70722383 composite?
True
Is 1863241 prime?
True
Is 227863 composite?
True
Is 39273823 composite?
True
Is 139356251 composite?
False
Is 389868457 composite?
True
Is 438561509 prime?
True
Is 218091941 composite?
False
Is 2070223 a composite number?
True
Is 16714007 a prime number?
False
Is 6268781 a prime number?
True
Is 22396237 composite?
False
Is 73184399 a prime number?
True
Is 90088381 a prime number?
False
Is 5041211 prime?
False
Is 3506623 prime?
False
Is 1184987 prime?
True
Is 18921061 a prime number?
False
Is 3990949 composite?
True
Is 7633429 prime?
True
Is 20374399 composite?
False
Is 227927 a prime number?
False
Is 133532391 composite?
True
Is 59027363 prime?
True
Is 3914377 a prime number?
True
Is 32790101 prime?
True
Is 894274167 a prime number?
False
Is 3797455 a composite number?
True
Is 367378153 a composite number?
False
Is 113535691 composite?
True
Is 475967 a composite number?
True
Is 23388907 a composite number?
True
Is 2640453 a prime number?
False
Is 26310021 prime?
False
Is 37612793 a composite number?
False
Is 732962679 composite?
True
Is 111787999 a prime number?
False
Is 2337187 composite?
False
Is 530753 composite?
False
Is 2436923 prime?
True
Is 13128877 a prime number?
True
Is 49064963 a composite number?
False
Is 258732491 a composite number?
False
Is 22632011 prime?
False
Is 10980509 composite?
False
Is 9682682 prime?
False
Is 41591161 a prime number?
False
Is 13031729 composite?
True
Is 6052819 prime?
True
Is 1934099 a prime number?
True
Is 440659 a composite number?
True
Is 20903417 prime?
False
Is 94930861 a prime number?
True
Is 1080749 composite?
False
Is 23583695 a composite number?
True
Is 24506117 prime?
False
Is 51496279 prime?
True
Is 58129 composite?
False
Is 118061707 a composite number?
True
Is 6024371 composite?
False
Is 11412201 a composite number?
True
Is 14449793 prime?
True
Is 4760429 a composite number?
False
Is 298918 a prime number?
False
Is 1336852769 a prime number?
False
Is 11235737 a composite number?
False
Is 142951289 a composite number?
True
Is 194090797 a composite number?
True
Is 62312269 a prime number?
True
Is 11133503 prime?
False
Is 23773895 composite?
True
Is 60577 a prime number?
False
Is 253791277 prime?
True
Is 176565749 composite?
False
Is 15945887 composite?
True
Is 52753951 prime?
True
Is 35449829 prime?
True
Is 2334872629 composite?
False
Is 36471758 prime?
False
Is 273334091 a prime number?
False
Is 86429069 a composite number?
True
Is 61652819 prime?
True
Is 1555277 a prime number?
False
Is 4191623 composite?
False
Is 3535211 composite?
True
Is 5131757 prime?
True
Is 527221307 a composite number?
False
Is 301811 composite?
True
Is 52235759 a composite number?
False
Is 56678191 a prime number?
False
Is 1323182687 a prime number?
True
Is 62817319 a composite number?
False
Is 2436545209 composite?
True
Is 3249733 a composite number?
False
Is 1615421 a prime number?
True
Is 303643 composite?
False
Is 144176393 prime?
True
Is 13162099 composite?
True
Is 24063803 composite?
False
Is 835776245 a composite number?
True
Is 403574531 a composite number?
False
Is 193363453 prime?
False
Is 8164523 a prime number?
True
Is 24557879 a prime number?
True
Is 212596397 composite?
True
Is 2951141 composite?
True
Is 839563 a prime number?
True
Is 468757 a prime number?
False
Is 93607663 composite?
True
Is 510434 prime?
False
Is 45866917 a prime number?
False
Is 41373253 composite?
False
Is 207325277 prime?
True
Is 107993837 composite?
True
Is 102000359 a composite number?
False
Is 19988737 prime?
True
Is 37003789 a prime number?
True
Is 15126389 prime?
False
Is 5831381 composite?
False
Is 1357589 a composite number?
False
Is 2512373 a composite number?
True
Is 295997 a prime number?
False
Is 32704927 a composite number?
False
Is 42313699 a prime number?
True
Is 1555543 a composite number?
True
Is 44054419 a composite number?
False
Is 28586687 composite?
True
Is 2621809 composite?
True
Is 378203387 a prime number?
True
Is 19688353 prime?
True
Is 49305857 a prime number?
True
Is 4476181 a composite number?
False
Is 51334538 prime?
False
Is 2080877 a composite number?
False
Is 7662227 a prime number?
True
Is 56580467 a prime number?
True
Is 12545777 composite?
True
Is 53569679 a prime number?
True
Is 36073399 a composite number?
True
Is 49231381 composite?
False
Is 6772091 prime?
False
Is 7802213 composite?
False
Is 855751 a composite number?
True
Is 2736017 prime?
False
Is 145639501 composite?
True
Is 9777301 a composite number?
False
Is 5132441 composite?
True
Is 58372499 prime?
True
Is 47493557 composite?
False
Is 106990349 prime?
False
Is 3500747 prime?
True
Is 176510297 a composite number?
False
Is 2776457 composite?
True
Is 977058151 a prime number?
True
Is 903786017 a composite number?
False
Is 16959667 composite?
False
Is 43635971 a composite number?
True
Is 18101659 a prime number?
True
Is 2180251 composite?
False
Is 69699769 a composite number?
True
Is 5970229 composite?
True
Is 15053405 a prime number?
False
Is 15667763 prime?
True
Is 848642071 composite?
False
Is 1266989 a prime number?
False
Is 24692471 a prime number?
True
Is 103138309 prime?
True
Is 27043351 composite?
True
Is 2011351 a prime number?
False
Is 2115823 a prime number?
True
Is 15222605 prime?
False
Is 66053051 prime?
True
Is 21828197 a prime number?
True
Is 36542723 composite?
True
Is 499031551 prime?
True
Is 3245411 composite?
True
Is 7208641 prime?
False
Is 222773 prime?
True
Is 759529 prime?
False
Is 94968329 a prime number?
True
Is 16624277 a prime number?
False
Is 138765283 composite?
True
Is 5936813 composite?
False
Is 1486211 prime?
False
Is 37232889 composite?
True
Is 1914097 composite?
False
Is 90029 a prime number?
False
Is 7997831 prime?
True
Is 333561451 a prime number?
False
Is 162047 composite?
True
Is 93827 a prime number?
True
Is 317887 composite?
False
Is 330318047 composite?
False
Is 1254499 composite?
True
Is 4023937 a prime number?
True
Is 135692149 a prime number?
False
Is 43222033 prime?
True
Is 172828933 a composite number?
False
Is 1139191 a prime number?
True
Is 339284393 prime?
False
Is 20435341 a composite number?
False
Is 338407051 composite?
False
Is 2874707 a composite number?
True
Is 36357929 composite?
False
Is 70826933 a prime number?
False
Is 1379897 a composite number?
False
Is 36380249 composite?
True
Is 57812941 prime?
False
Is 5571781 a composite number?
False
Is 95021 prime?
True
Is 68074679 a prime number?
True
Is 13966409 composite?
False
Is 11648089 a prime number?
False
Is 4120421 composite?
True
Is 887 prime?
True
Is 12658019 a composite number?
True
Is 390788029 prime?
False
Is 8227189 prime?
True
Is 67932373 composite?
False
Is 47894251 a composite number?
False
Is 1140901 a prime number?
True
Is 18074647 prime?
False
Is 134534791 prime?
True
Is 3519905 prime?
False
Is 12675547 a prime number?
True
Is 84887 a composite number?
True
Is 82691327 a composite number?
False
Is 25801549 a composite number?
True
Is 10777799 composite?
True
Is 17923211 a composite number?
False
Is 91599551 composite?
True
Is 732426493 a prime number?
True
Is 231136109 a composite number?
False
Is 24261463 prime?
False
Is 180516661 a prime number?
False
Is 25184345 composite?
True
Is 6960683 composite?
False
Is 23495506 composite?
True
Is 3057983 prime?
True
Is 19280303 prime?
False
Is 23982711 composite?
True
Is 118130647 a composite number?
True
Is 2351441 composite?
False
Is 27175853 prime?
True
Is 13387463 a composite number?
True
Is 1133831 a composite number?
True
Is 102676981 a prime number?
False
Is 1697279 prime?
False
Is 4662263 a composite number?
False
Is 18427477 composite?
False
Is 852077 composite?
True
Is 138776147 a composite number?
False
Is 9383798 prime?
False
Is 12228506 a prime number?
False
Is 5778887 composite?
False
Is 285360409 a composite number?
True
Is 589901479 prime?
False
Is 82032569 composite?
False
Is 4018699 composite?
False
Is 56079851 prime?
True
Is 61295417 p